5, 3*r - 10 = -q*i + 53. What is the remainder when 58 is divided by r?
18
Let n(o) = o**2 - 7*o + 2. Let d be n(3). Let r = d - -15. Suppose 2*g + 2*x = -4, -2*x - 2*x = 2*g + 14. What is the remainder when r is divided by g?
2
Let l = -11 - -23. What is the remainder when -1 - (0 + -1) - -17 is divided by l/(-3) + 2 - -11?
8
Suppose 0 = 3*p - 15, 0*p + 2*p = -f + 30. Calculate the remainder when 98 is divided by f.
18
Let m(g) = g**3 + 8*g**2 + 6*g - 1. Calculate the remainder when 10 is divided by m(-7).
4
Suppose o + 53 = -4*w + 385, 5*w - 5*o = 440. What is the remainder when w is divided by 23?
15
Let n(z) be the first derivative of 11*z**2/2 - 6*z + 2. Let j be n(4). Suppose -j = -4*q + 102. Calculate the remainder when q is divided by 12.
11
Let g = -75 + 95. Suppose -4*b = 14 + 2. Let l = 3 - b. What is the remainder when g is divided by l?
6
What is the remainder when 217 is divided by (-501)/9*-1 - 6/9?
52
Suppose -4*z - 3*x - 2*x + 17 = 0, -5*z = -5*x + 35. What is the remainder when (10/1)/(z/(-4)) is divided by 11?
9
Let v be (-4864)/(-40) - 2/(-5). Suppose -4*n + v + 26 = 0. Calculate the remainder when n is divided by (38/(-3))/((-2)/3).
18
Let n(a) = -a**2 - a. Let d be n(-1). Suppose d = 4*b - 5*r - 42, 3*r = -2*b - b + 18. What is the remainder when b is divided by 3?
2
Suppose -3*t - 5 = -8*t + 5*j, j = 3*t - 7. What is the remainder when 11 is divided by t?
2
Let i(u) = -28*u - 6. Let h(k) = -2*k - 4. Let v be h(-5). Let o be i(v). What is the remainder when o/(-5) + (-2)/(-10) is divided by 12?
11
Suppose 12*n - 405 = 7*n. What is the remainder when n is divided by 21?
18
Suppose 0 = 4*l + 2*l - 12. What is the remainder when 10 is divided by l?
0
Calculate the remainder when 1099/21 + (-2)/6 is divided by 14.
10
Calculate the remainder when 73 is divided by (684/(-54))/(4/(-6)).
16
Suppose -p + 2*d + 58 = 6*d, -3*d + 15 = 0. What is the remainder when p is divided by 22?
16
Suppose 2*x - 7 = d, x + 4*x - 10 = 5*d. Calculate the remainder when 9 is divided by x.
4
Let a = 60 - 13. What is the remainder when 92 is divided by a?
45
Let p = 23 - 42. Let a = 99 + -66. Let q = a + p. What is the remainder when 26 is divided by q?
12
Suppose r - 4*r = -39. Let h(x) = 9*x - 6. Let f(w) = 5*w - 3. Let q(y) = -7*f(y) + 4*h(y). Calculate the remainder when r is divided by q(10).
6
Let g(w) = -w**2 - 7*w + 2. Calculate the remainder when 2/(-3) + 137/3 is divided by g(-5).
9
Let u(h) = -h + 10. Let l be u(6). Suppose -2*a + l*k = -0*a - 132, 0 = 4*k - 12. What is the remainder when a is divided by 25?
22
Let h be 1*(2 + 0) - -9. Suppose -34 = -5*k + h. What is the remainder when 16 is divided by k?
7
Let a(y) be the third derivative of y**6/120 + y**5/60 - y**4/24 + 32*y**3/3 + y**2. What is the remainder when a(0) is divided by 22?
20
Suppose -3*x + 227 = -2*h, 0 = -x + 2*h - 42 + 115. Suppose 5*o - 83 = x. Let s = 41 + o. Calculate the remainder when s is divided by 25.
23
Let h be ((-10)/6)/(-1)*3. Let c be (0 - 4)/((-10)/15). Suppose -h*x + 19 = -c. What is the remainder when 13 is divided by x?
3
Let l = -17 - -11. Let a(j) = -j**3 - 6*j**2 - 6*j + 3. What is the remainder when a(l) is divided by 10?
9
Let t(p) = p**2 - 4*p - 11. Calculate the remainder when 27 is divided by t(7).
7
Let k = 26 + -14. Calculate the remainder when k is divided by 7.
5
Let z(d) = -4*d**2 + 11*d - 7. Let g(b) = -5*b**2 + 12*b - 7. Let h(o) = 5*g(o) - 6*z(o). What is the remainder when 25 is divided by h(-6)?
4
What is the remainder when 128 is divided by (1 + 2 - 1)*26/4?
11
Suppose a - 24 = 3*c + 3, 0 = -c + 5*a + 5. What is the remainder when 612/20 + (-4)/c is divided by 8?
7
Suppose 0 = s - g - 5, 0 = g - 5*g - 16. What is the remainder when s is divided by 1?
0
What is the remainder when -1 + 25 - (-2 - -2) is divided by 13?
11
Let a = 23 + -17. What is the remainder when a is divided by 6?
0
Suppose 13*y - 1084 = 9*y. Calculate the remainder when y is divided by 34.
33
Let t = 77 + -63. Calculate the remainder when 48 is divided by t.
6
Suppose -3*v - 2*v + 4*u + 146 = 0, 90 = 3*v - 3*u. What is the remainder when v + (-1)/((-2)/(-6)) is divided by 12?
11
Let g(d) = d**2 - 3*d + 3. Let z be g(3). Suppose -z*b + 21 = 6. Suppose 275 = b*s + 30. What is the remainder when s is divided by 17?
15
Let d(f) = f**2 - 2. Let t be d(0). What is the remainder when (-234)/(-4) + 3/t is divided by (-1)/(-1)*(14 + 1)?
12
Let l(z) = -z**2 + z**3 + 4*z + 2*z**2 - 3*z. What is the remainder when l(2) is divided by 4?
2
Suppose -1 - 1 = -d. Let g(s) = -s**d + 10*s + 8*s**2 - 8*s. Calculate the remainder when 71 is divided by g(-2).
23
What is the remainder when 158 + (3 - (-6)/(-6)) is divided by 41?
37
What is the remainder when 2 is divided by ((-3)/(-6))/(3/6)?
0
Let h = 24 - -39. Let w be 2 + h + -7 + 4. Suppose -5*c + 33 = -w. What is the remainder when c is divided by 10?
9
Let w = -6 + 22. Suppose -5*v + 300 = -5*q, -4*q - 175 = -5*v + 127. What is the remainder when v is divided by w?
14
Let m(l) be the third derivative of 0*l**4 + 1/40*l**6 + l**2 + 1/6*l**3 - 1/30*l**5 + 0*l + 0. What is the remainder when 5 is divided by m(1)?
1
Let x be 6/(-27) + 16/(-9). Let i = x + 5. What is the remainder when 4 is divided by i?
1
Suppose 2*f - 18 = -l + 4*f, 3*l + 2*f - 62 = 0. Let s(n) = 2*n**2 + 7*n + 9. What is the remainder when s(-7) is divided by l?
18
Let r = 21 - -15. Let p = 5 + -3. Calculate the remainder when r is divided by 0 - p - -20 - -1.
17
Let n(t) = t**3 - t**2 + 3*t + 6. Calculate the remainder when n(0) is divided by 5.
1
Let y = 28 + -22. Suppose -7*m + 30 = -y*m. What is the remainder when 58 is divided by m?
28
Let i = 3 + 0. Suppose 0 = -2*u - 2*p + 4, -3*p = -4*u - 9 + i. Let c(m) = -m + 14. What is the remainder when 27 is divided by c(u)?
13
Suppose 2*o = -o + 51. Calculate the remainder when 33 is divided by o.
16
Calculate the remainder when 91 is divided by (32/(-6))/((-1)/3).
11
Let c(v) = v**2 - 3*v + 2. Let w be c(2). Let l = 11 + w. Calculate the remainder when 21 is divided by l.
10
Let t(c) = -c**3 - 7*c**2 + 4. Let v be t(-7). Suppose 4*i + 8 = 0, 9*p + 4*i = v*p + 237. Calculate the remainder when p is divided by 17.
15
Let v = 1 - -10. Let s(o) = -o**2 + o + 31. What is the remainder when s(0) is divided by v?
9
What is the remainder when 29 is divided by (-8)/(-12) + (-19)/(-3)?
1
Let x = 25 + -21. Suppose o - 29 = -2*o - t, -15 = -2*o - 5*t. Calculate the remainder when o is divided by x.
2
Suppose -10 = -2*u + 5*z, -4*u + 80 = 5*z - 0*z. Calculate the remainder when 27 is divided by u.
12
Let z = 26 - 34. Calculate the remainder when 58 is divided by z/(-6) + (-234)/(-27).
8
Let p = 1 + 3. Suppose -j + 22 = j - y, p*y = 16. Calculate the remainder when 24 is divided by j.
11
Suppose 0 = m - 1, a + 127 = 6*a + 2*m. Suppose 3*g = a + 107. Calculate the remainder when g is divided by 15.
14
Suppose -2*x = 6 - 42. Suppose -o = -6*o. Suppose -4*l - 5*b + 3*b + 148 = o, 0 = 3*l + 3*b - 117. Calculate the remainder when l is divided by x.
17
Suppose -68*g - 68 = -72*g. Calculate the remainder when 64 is divided by g.
13
Let l = -33 - -21. Let y = 2 - l. What is the remainder when 40 is divided by y?
12
Let i = -16 + 29. What is the remainder when 36 is divided by i?
10
Calculate the remainder when 1/3 + 64/6 is divided by (14/(-5) + 4)/(4/10).
2
Suppose 0 = w - 3*i + 4, i = 2*w - i. Suppose 2 = -w*n + 8. Let v(g) = -g**3 + 3*g**2 + 5*g + 1. Calculate the remainder when v(4) is divided by n.
2
Let f(l) = l**2 + 4*l + 3. Let t(s) = -5*s**2 - 1. Let u be t(-1). What is the remainder when 129*((-2)/12)/(17/(-34)) is divided by f(u)?
13
Let a(j) = 14*j + 1. Suppose 5*t - 37 - 83 = 0. What is the remainder when a(5) is divided by t?
23
Suppose -4*d = -5*u + 23, -d = -u - 0*u + 4. What is the remainder when 13 is divided by u?
6
Calculate the remainder when (-1 + 1 + 2)*22/4 is divided by 5.
1
Suppose 263 = 5*i - 212. Suppose 3*s + 8 = i. Calculate the remainder when s is divided by 8.
5
Let k = -8 - -10. Suppose -5*o + 6 = -k*o. Calculate the remainder when 3 is divided by o.
1
Suppose 4*c - 2*l = 170, -5*c + 66 + 159 = -5*l. What is the remainder when c is divided by 14?
12
Let z(y) = -y**3 + 8*y**2 - 1. Let x = 10 - 2. Let o 